3?
3
Suppose -5*l = -0*f + 4*f + 6, -2*f + 2*l + 6 = 0. Suppose q = 5*p + 8 + 107, -p = 4. Let d = -94 + q. What is the highest common factor of d and f?
1
Suppose -27*t = -20*t - 98. Suppose -5*u - 126 = -t*u. What is the greatest common divisor of 14 and u?
14
Let n = -4 - -6. Suppose -z + 578 = -4*s, 0*s - 730 = 5*s - 5*z. Let b = 152 + s. What is the highest common factor of n and b?
2
Suppose -2*v + 134 = 4*x - 3*x, -v + 515 = 4*x. What is the greatest common divisor of 2 and x?
2
Suppose 22*l + 27520 = 108*l. What is the highest common divisor of 256 and l?
64
Let s(l) = 3*l**2 + 7*l + 5. Let g be 3 + 1/1*1. Suppose -9 = 3*c - 2*b, g = -3*c + b - 8. Let q be s(c). What is the highest common divisor of 5 and q?
5
Let g(w) = w**2 + 3*w - 2. Let b be g(1). Suppose -m + 37 = 2*k, 20 = 2*k - k + b*m. Calculate the greatest common divisor of k and 24.
6
Suppose -19*s + 216 = -22*s. Let q be (5/3)/((-60)/s). What is the highest common divisor of 2 and q?
2
Let x = -1018 - -1071. What is the highest common divisor of x and 583?
53
Suppose 5*w - 38 = -3*t, -2*t = 2*t + 2*w - 60. Suppose 2*n + 4*n - 24 = 0. What is the greatest common divisor of t and n?
4
Let f(r) = -r**3 + 12*r**2 - 12*r + 4. Let j be f(7). What is the highest common divisor of 66 and j?
33
Let q = -303 + 331. Calculate the highest common divisor of q and 35.
7
Let t be 2/7 + 620/35. Suppose -7*v = -31*v + 2376. Calculate the greatest common divisor of v and t.
9
Suppose -26 = -2*f + 4*t, t = f - 11 + 3. Suppose -5*v + 216 = f*v. What is the highest common divisor of v and 297?
27
Suppose 3*o = 5*i - 188, 2*i - 112 = -3*o - 20. Let v be 30 + 0*(-4)/20. Calculate the greatest common factor of i and v.
10
Suppose -2 = -3*a + 16. Suppose -2*p + 9 = -5*b, b + 4*b = -3*p + 1. What is the highest common divisor of a and p?
2
Let w = 35 + -21. Suppose -3*k + 4*k - w = 0. Calculate the highest common factor of 2 and k.
2
Suppose -z = -2*l + 139, -337 = -5*l - 24*z + 23*z. Calculate the greatest common factor of 20 and l.
4
Let x(r) = -5*r + 37. Let a be x(7). Let p be (7 - -3)/(4 - a). What is the highest common divisor of p and 2?
1
Suppose -5*n + 5*u = -105, -65*u + 60*u = 0. Let w(h) = 3*h**2 - h + 1. Suppose -2 = -4*m + 2. Let j be w(m). Calculate the highest common factor of n and j.
3
Let v(o) = -7*o - 18. Let s be v(-4). Suppose -2*n = -z - 14, 3*z + s = -2*n - 2*z. What is the greatest common factor of n and 25?
5
Let f = -22 - -31. Suppose -3 = -5*i + 17. Suppose -4*b = -c + 1, c - i*c + 33 = 3*b. Calculate the greatest common divisor of f and c.
9
Let y be (8/20)/(1/15). Suppose y*z - 59 = 2*z - k, 2*k = -2. Suppose 59 = 5*p + m + 3*m, -3 = -p - 3*m. Calculate the greatest common factor of p and z.
15
Suppose -5*y = -3*s + 4, s - 26 - 2 = -5*y. Let a(d) = 9*d - 3 + 4*d**2 - s*d**3 - 4*d + 10*d**3. Let h be a(4). What is the highest common factor of h and 19?
19
Let g = -63 + 109. Let c(d) be the third derivative of d**5/20 - 2*d**3/3 - 18*d**2. Let h be c(3). What is the highest common divisor of h and g?
23
Suppose 912 = -20*n + 23*n. Suppose n = q + q. Calculate the greatest common factor of q and 19.
19
Suppose 36*c - 33*c = 63. What is the highest common factor of c and 567?
21
Suppose 0 = 20*y - 15*y - 35. Suppose -3*q - 144 = -y*q. Suppose t - 2 = 2. What is the greatest common divisor of t and q?
4
Suppose -4*o + 5 = -3. Let c be 3/o*104/12. Let s be (-90)/(-10) - (0 + -4). What is the greatest common factor of s and c?
13
Let w = -97 - -108. Let q be w + -11 - 25/(-1). What is the highest common factor of 75 and q?
25
Suppose -2*o - 10 = -122. Calculate the greatest common factor of o and 7.
7
Let k(m) = 2 - 3 - 12*m + 6*m - 11*m. Let t be k(-1). Suppose s - f - t = f, 2*f = 3*s - 52. Calculate the greatest common factor of s and 12.
6
Let l(i) = 102*i + 625. Let w be l(-6). Suppose -5*p + 639 = 3*a, 0*p + p = 3. What is the highest common factor of a and w?
13
Suppose 450 - 417 = 3*g. Calculate the greatest common factor of g and 143.
11
Let q(d) = -7*d**3 + 3*d**2 - 2*d - 3. Let u be q(-3). Suppose -141 = -4*s + u. Calculate the greatest common factor of 10 and s.
10
Let y = 1928 - 1926. What is the highest common factor of 694 and y?
2
Let w be (2 + 78)*(-5)/(75/(-6)). What is the greatest common divisor of 416 and w?
32
Let h = -19 + 8. Let u be 1 + 1 - (h - -2). Let s(i) = -3*i**3 - 14*i**2 - 3*i - 7. Let m be s(-5). Calculate the greatest common factor of m and u.
11
Let f(v) = 12*v**2 - v + 1. Let p be f(1). Suppose 8*d - p = 6*d. Let r be ((-4)/d)/(18/(-81)). What is the highest common divisor of 1 and r?
1
Let x = 1860 - 1710. What is the highest common factor of x and 850?
50
Suppose 3*q + 766 = -3*a + 214, -5*a - 912 = -3*q. Let c = 246 - a. Calculate the highest common factor of c and 39.
39
Let m be -1 + 1 + 11/((-66)/(-954)). Calculate the greatest common factor of 106 and m.
53
Let k(f) = 19*f + 16. Let y be k(-4). Let p be (4/(-3))/(((-5)/y)/(-1)). What is the greatest common divisor of p and 64?
16
Suppose -3*v - 10 = 5. Let q(p) = -p**3 - 6*p**2 - 10*p - 9. Let j be q(v). What is the highest common factor of 4 and j?
4
Suppose 36*g - 990 - 18 = 0. Calculate the highest common divisor of 4 and g.
4
Suppose 7*f - 39 = -18. Calculate the greatest common divisor of 33 and f.
3
Let o be 27390/440 + 1/4*-1. Calculate the greatest common divisor of 403 and o.
31
Let i = 655 + -647. Calculate the highest common divisor of i and 30.
2
Let r = -69 + 70. Calculate the highest common divisor of r and 11.
1
Let a(z) = z - 4. Let t be a(3). Let l be 9 + t - (-2 - -4)*-2. What is the greatest common divisor of l and 96?
12
Suppose -3*y + 203 = 2*j, -4*y - j + 95 = -179. Suppose -2*m + 41 = 15. Let r = 10 + m. What is the greatest common factor of r and y?
23
Suppose -5*w - 4*h = -70, 2*h - h = -4*w + 56. Let q = 10 - 7. Let a(x) = 5*x - 1. Let i be a(q). Calculate the highest common factor of w and i.
14
Let n be -5*(336/30)/(-4). Calculate the greatest common factor of n and 98.
14
Suppose -3*l = 6*d - 10*d + 45, 5*d - 5*l - 50 = 0. Let t = 15 - 9. What is the highest common factor of d and t?
3
Suppose -4*l + 20 = -4. Suppose l*f = f + 2*u + 1083, f - 199 = -4*u. Let x = f + -95. What is the greatest common factor of 15 and x?
15
Suppose -y - y + 55 = -p, 115 = 5*y + 2*p. Calculate the greatest common divisor of y and 25.
25
Let j = 132 + -92. Let r = 1114 + -1106. Calculate the greatest common factor of r and j.
8
Let h be (-19)/114 - (-61)/6. What is the highest common factor of 1070 and h?
10
Let n(q) = -q**2 + 85*q + 113. Let p be n(58). What is the greatest common divisor of 23 and p?
23
Suppose -4*i - 8 = -0*i, -3*x + i = -41. Let g be (0 + 15)*(-78)/(-9). Calculate the greatest common divisor of x and g.
13
Let q = 24 - 18. Suppose -q*x = -4*x - 368. What is the highest common factor of x and 23?
23
Let a(z) = z**3 + 13*z**2 + 16*z - 45. Let k be a(-11). Calculate the highest common divisor of 273 and k.
21
Suppose -u = -y + 95, y - 51*u - 110 = -53*u. What is the highest common factor of y and 8?
4
Let w = -2341 - -2346. Calculate the highest common divisor of w and 960.
5
Suppose 3*m - 116 = -4*c + 8*m, -5*c + m + 166 = 0. Calculate the greatest common factor of c and 102.
34
Let s = -9 - -9. Let i be s - (2 + 2) - -1. Let a be (7 + -1)*(-2)/i. What is the greatest common divisor of a and 32?
4
Let m = 323 - 485. Let g = m - -314. Calculate the greatest common factor of 8 and g.
8
Let h = 16 + -3. Let u = h - -19. What is the greatest common factor of u and 288?
32
Let v be (-22)/(-8) + (-21)/28. Let l = 14 - v. Calculate the greatest common factor of l and 3.
3
Let x be (200/(-2 + 7) - 0) + 0. Calculate the greatest common factor of x and 45.
5
Suppose -7*b + 102 = -4*b. Calculate the greatest common divisor of 442 and b.
34
Let u = -780 - -785. What is the greatest common divisor of 115 and u?
5
Let c(v) = v**3 + 11*v**2 - 3*v - 11. Let g be c(-6). Calculate the greatest common factor of g and 33.
11
Suppose -27*i = -334 - 422. What is the greatest common factor of 52 and i?
4
Let t be 28/(-49) + (-5892)/(-21). What is the highest common factor of t and 168?
56
Suppose 648 = 120*q - 111*q. Suppose -2*k = 4*z - 5*z - 79, 3*z = -k + 36. Let m = k - 1